{"id":3362,"date":"2022-05-11T08:55:52","date_gmt":"2022-05-11T11:55:52","guid":{"rendered":"https:\/\/ideiasup.com.br\/lojaup\/?post_type=product&#038;p=3362"},"modified":"2024-04-28T10:26:44","modified_gmt":"2024-04-28T13:26:44","slug":"interpretacao-de-texto-para-os-maiores-virtudes","status":"publish","type":"product","link":"https:\/\/ideiasup.com.br\/lojaup\/escolas\/interpretacao-de-texto-para-os-maiores-virtudes\/","title":{"rendered":"Interpreta\u00e7\u00e3o de Texto para os maiores (Virtudes 2)"},"content":{"rendered":"<p>Um material elaborado para ajudar na compreens\u00e3o textual e na conquista de boas virtudes.<\/p>\n<p>S\u00e3o 10 lindas hist\u00f3rias que trabalham as virtudes da Compaix\u00e3o, Responsabilidade, Amizade, Trabalho, Coragem,<br \/>\nHonestidade, Lealdade, F\u00e9, Perseveran\u00e7a e Disciplina.<\/p>\n<p>No final de cada li\u00e7\u00e3o, a crian\u00e7a \u00e9 convidada a refletir sobre a virtude trabalhada e escolher um plano de a\u00e7\u00e3o<br \/>\nque a ajude a colocar aquela virtude em pr\u00e1tica no seu dia a dia.<\/p>\n<p>Al\u00e9m da Compreens\u00e3o Textual, a apostila apresenta pesquisa de vocabul\u00e1rio, c\u00f3pia de texto e ditado.<\/p>\n<p>S\u00e3o 73 p\u00e1ginas + Anexos. Tudo em PDF.<\/p>\n<p>D\u00favidas entrar em contato com o nosso suporte t\u00e9cnico pelo e-mail\u00a0<strong>vendas@ensinaup.com.br<\/strong><\/p>\n","protected":false},"excerpt":{"rendered":"<p><strong>Um material elaborado para ajudar na compreens\u00e3o textual e na conquista de boas virtudes.<\/strong><\/p>\n<p><strong>Hist\u00f3rias que trabalham as virtudes.<\/strong><\/p>\n<p><strong>Al\u00e9m das Interpreta\u00e7\u00f5es a apostila tem pesquisa de vocabul\u00e1rio, c\u00f3pia de texto e ditado.<\/strong><\/p>\n<h4>S\u00e3o 73 p\u00e1ginas + Anexos. Tudo em PDF.<\/h4>\n","protected":false},"featured_media":4574,"comment_status":"open","ping_status":"closed","template":"","meta":{"om_disable_all_campaigns":false,"_monsterinsights_skip_tracking":false,"_monsterinsights_sitenote_active":false,"_monsterinsights_sitenote_note":"","_monsterinsights_sitenote_category":0,"_joinchat":[]},"product_cat":[18,37,60],"product_tag":[24,22,19,23,20,21],"aioseo_notices":[],"_links":{"self":[{"href":"https:\/\/ideiasup.com.br\/lojaup\/wp-json\/wp\/v2\/product\/3362"}],"collection":[{"href":"https:\/\/ideiasup.com.br\/lojaup\/wp-json\/wp\/v2\/product"}],"about":[{"href":"https:\/\/ideiasup.com.br\/lojaup\/wp-json\/wp\/v2\/types\/product"}],"replies":[{"embeddable":true,"href":"https:\/\/ideiasup.com.br\/lojaup\/wp-json\/wp\/v2\/comments?post=3362"}],"version-history":[{"count":3,"href":"https:\/\/ideiasup.com.br\/lojaup\/wp-json\/wp\/v2\/product\/3362\/revisions"}],"predecessor-version":[{"id":5710,"href":"https:\/\/ideiasup.com.br\/lojaup\/wp-json\/wp\/v2\/product\/3362\/revisions\/5710"}],"wp:featuredmedia":[{"embeddable":true,"href":"https:\/\/ideiasup.com.br\/lojaup\/wp-json\/wp\/v2\/media\/4574"}],"wp:attachment":[{"href":"https:\/\/ideiasup.com.br\/lojaup\/wp-json\/wp\/v2\/media?parent=3362"}],"wp:term":[{"taxonomy":"product_cat","embeddable":true,"href":"https:\/\/ideiasup.com.br\/lojaup\/wp-json\/wp\/v2\/product_cat?post=3362"},{"taxonomy":"product_tag","embeddable":true,"href":"https:\/\/ideiasup.com.br\/lojaup\/wp-json\/wp\/v2\/product_tag?post=3362"}],"curies":[{"name":"wp","href":"https:\/\/api.w.org\/{rel}","templated":true}]}}