{"id":3565,"date":"2022-06-30T08:27:55","date_gmt":"2022-06-30T11:27:55","guid":{"rendered":"https:\/\/ideiasup.com.br\/lojaup\/?post_type=product&#038;p=3565"},"modified":"2024-04-16T14:32:40","modified_gmt":"2024-04-16T17:32:40","slug":"estudo-das-folhas","status":"publish","type":"product","link":"https:\/\/ideiasup.com.br\/lojaup\/escolas\/estudo-das-folhas\/","title":{"rendered":"Estudo das Folhas"},"content":{"rendered":"<div dir=\"ltr\">\n<p>Ol\u00e1 Fam\u00edliaUP!<\/p>\n<div dir=\"ltr\">No PDF voc\u00ea encontrar\u00e1 uma atividade criativa sobre o Estudo das Folhas.<\/div>\n<p>Abra\u00e7os,<\/p>\n<p>Ju<\/p>\n<p><strong>Lembre-se: essa \u00e9 uma atividade exclusiva da EnsinaUP e n\u00e3o est\u00e1 autorizada a comercializa\u00e7\u00e3o e compartilhamento da mesma. Lei de direitos autorais 9.610\/98<\/strong><\/p>\n<\/div>\n","protected":false},"excerpt":{"rendered":"<p>Ol\u00e1 Fam\u00edliaUP! No PDF voc\u00ea encontrar\u00e1 uma atividade criativa sobre o Estudo das Folhas. Abra\u00e7os, Ju Lembre-se: essa \u00e9 uma&hellip;<\/p>\n","protected":false},"featured_media":3567,"comment_status":"open","ping_status":"closed","template":"","meta":{"om_disable_all_campaigns":false,"_monsterinsights_skip_tracking":false,"_monsterinsights_sitenote_active":false,"_monsterinsights_sitenote_note":"","_monsterinsights_sitenote_category":0,"_joinchat":[]},"product_cat":[25],"product_tag":[32,22,44],"aioseo_notices":[],"_links":{"self":[{"href":"https:\/\/ideiasup.com.br\/lojaup\/wp-json\/wp\/v2\/product\/3565"}],"collection":[{"href":"https:\/\/ideiasup.com.br\/lojaup\/wp-json\/wp\/v2\/product"}],"about":[{"href":"https:\/\/ideiasup.com.br\/lojaup\/wp-json\/wp\/v2\/types\/product"}],"replies":[{"embeddable":true,"href":"https:\/\/ideiasup.com.br\/lojaup\/wp-json\/wp\/v2\/comments?post=3565"}],"version-history":[{"count":1,"href":"https:\/\/ideiasup.com.br\/lojaup\/wp-json\/wp\/v2\/product\/3565\/revisions"}],"predecessor-version":[{"id":3568,"href":"https:\/\/ideiasup.com.br\/lojaup\/wp-json\/wp\/v2\/product\/3565\/revisions\/3568"}],"wp:featuredmedia":[{"embeddable":true,"href":"https:\/\/ideiasup.com.br\/lojaup\/wp-json\/wp\/v2\/media\/3567"}],"wp:attachment":[{"href":"https:\/\/ideiasup.com.br\/lojaup\/wp-json\/wp\/v2\/media?parent=3565"}],"wp:term":[{"taxonomy":"product_cat","embeddable":true,"href":"https:\/\/ideiasup.com.br\/lojaup\/wp-json\/wp\/v2\/product_cat?post=3565"},{"taxonomy":"product_tag","embeddable":true,"href":"https:\/\/ideiasup.com.br\/lojaup\/wp-json\/wp\/v2\/product_tag?post=3565"}],"curies":[{"name":"wp","href":"https:\/\/api.w.org\/{rel}","templated":true}]}}