{"id":3766,"date":"2022-08-31T19:36:26","date_gmt":"2022-08-31T22:36:26","guid":{"rendered":"https:\/\/ideiasup.com.br\/lojaup\/?post_type=product&#038;p=3766"},"modified":"2025-11-15T10:24:05","modified_gmt":"2025-11-15T13:24:05","slug":"matematica-para-7-e-8-anos-volume-2-impresso","status":"publish","type":"product","link":"https:\/\/ideiasup.com.br\/lojaup\/escolas\/matematica-para-7-e-8-anos-volume-2-impresso\/","title":{"rendered":"Matem\u00e1tica para 7 e 8 Anos Volume 1 &#8211; Impresso"},"content":{"rendered":"<div dir=\"ltr\">\n<div dir=\"ltr\"><strong>Tema:<\/strong> Matem\u00e1tica para 7 e 8 anos Volume 1 &#8211; Dividido em m\u00f3dulos e com gabarito.<\/div>\n<div dir=\"ltr\">\n<p><strong>Indica\u00e7\u00e3o:<\/strong> Crian\u00e7as com 7 e 8 anos &#8211; Fundamental 1<\/p>\n<p><strong>COMPOSI\u00c7\u00c3O<\/strong>: 244 p\u00e1ginas em dois volumes + Caderno com respostas (gabarito).<\/p>\n<p>O Material j\u00e1 vem dividido para ser aplicado ao longo de um semestre, indicando a li\u00e7\u00e3o do dia, dentro do m\u00f3dulo de m\u00eas:<\/p>\n<p><span style=\"color: #800080;\">M\u00f3dulo 1<\/span><\/p>\n<p><span style=\"color: #800080;\">* Centena at\u00e9 999<\/span><br \/>\n<span style=\"color: #800080;\">* Lista de contas com as quatro opera\u00e7\u00f5es<\/span><br \/>\n<span style=\"color: #800080;\">* Desafios com as quatro opera\u00e7\u00f5es<\/span><\/p>\n<p><span style=\"color: #800080;\">M\u00f3dulo 2<\/span><\/p>\n<p><span style=\"color: #800080;\">* Ordem crescente e decrescente<\/span><br \/>\n<span style=\"color: #800080;\">* Revis\u00e3o de dezena e d\u00fazia<\/span><br \/>\n<span style=\"color: #800080;\">* Revis\u00e3o de n\u00fameros ordinais<\/span><br \/>\n<span style=\"color: #800080;\">* S\u00f3lidos geom\u00e9tricos<\/span><br \/>\n<span style=\"color: #800080;\">* Sistema de numera\u00e7\u00e3o (milhar)<\/span><br \/>\n<span style=\"color: #800080;\">* Lista de contas com as quatro opera\u00e7\u00f5es<\/span><br \/>\n<span style=\"color: #800080;\">* Desafios com as quatro opera\u00e7\u00f5es<\/span><\/p>\n<p><span style=\"color: #800080;\">M\u00f3dulo 3<\/span><\/p>\n<p><span style=\"color: #800080;\">* Revis\u00e3o do m\u00f3dulo anterior<\/span><br \/>\n<span style=\"color: #800080;\">* Adi\u00e7\u00e3o com reserva<\/span><br \/>\n<span style=\"color: #800080;\">* Figuras geom\u00e9tricas planas<\/span><br \/>\n<span style=\"color: #800080;\">* Subtra\u00e7\u00e3o com milhar<\/span><br \/>\n<span style=\"color: #800080;\">* Subtra\u00e7\u00e3o com desagrupamento<\/span><br \/>\n<span style=\"color: #800080;\">* Lista de contas com as quatro opera\u00e7\u00f5es<\/span><br \/>\n<span style=\"color: #800080;\">* Desafios com as quatro opera\u00e7\u00f5es<\/span><\/p>\n<p><span style=\"color: #800080;\">M\u00f3dulo 4<\/span><\/p>\n<p><span style=\"color: #800080;\">* Revis\u00e3o do m\u00f3dulo anterior<\/span><br \/>\n<span style=\"color: #800080;\">* Segmento de reta<\/span><br \/>\n<span style=\"color: #800080;\">* Tabuada at\u00e9 o 9<\/span><br \/>\n<span style=\"color: #800080;\">* Lista de contas com as quatro opera\u00e7\u00f5es<\/span><br \/>\n<span style=\"color: #800080;\">* Desafios com as quatro opera\u00e7\u00f5es<\/span><\/p>\n<p><span style=\"color: #800080;\">M\u00f3dulo 5<\/span><\/p>\n<p><span style=\"color: #800080;\">* Revis\u00e3o do m\u00f3dulo anterior<\/span><br \/>\n<span style=\"color: #800080;\">* Jogo Lince da tabuada<\/span><br \/>\n<span style=\"color: #800080;\">* Tabuada do 10<\/span><br \/>\n<span style=\"color: #800080;\">* Propriedade associativa da multiplica\u00e7\u00e3o<\/span><br \/>\n<span style=\"color: #800080;\">* Multiplica\u00e7\u00e3o por 10 e 100<\/span><br \/>\n<span style=\"color: #800080;\">* Multiplica\u00e7\u00e3o com reserva<\/span><br \/>\n<span style=\"color: #800080;\">* Lista de contas com as quatro opera\u00e7\u00f5es<\/span><br \/>\n<span style=\"color: #800080;\">* Desafios com as quatro opera\u00e7\u00f5es<\/span><\/p>\n<p><strong>Tipo de conte\u00fado:<\/strong> Cadernos Impressos &#8211; <span style=\"color: #ff0000;\">Envio pelo Correios<\/span>.<\/p>\n<div><strong>Permiss\u00f5es:<\/strong>\u00a0<span style=\"color: #69727b;\"><span style=\"color: #008000;\"><strong>Uso familiar <\/strong><\/span>&#8211; <\/span><span style=\"color: #cd232c;\"><strong><span style=\"color: #ff0000;\">Para usar em escolas, favor entrar em contato para obter um or\u00e7amento especial.<\/span><\/strong><\/span><\/div>\n<div dir=\"ltr\"><\/div>\n<div dir=\"ltr\"><strong>Lembre-se: essa \u00e9 uma atividade exclusiva da EnsinaUP e n\u00e3o est\u00e1 autorizada a comercializa\u00e7\u00e3o e compartilhamento da mesma. Lei de direitos autorais 9.610\/98<\/strong><\/div>\n<\/div>\n<div dir=\"ltr\"><\/div>\n<div dir=\"ltr\">\n<div dir=\"ltr\">D\u00favidas entrar em contato com o nosso suporte t\u00e9cnico pelo e-mail vendas@ensinaup.com.br ou pelo link do WhatsApp que aparece aqui ao lado da tela.<\/div>\n<\/div>\n<\/div>\n","protected":false},"excerpt":{"rendered":"<p>Matem\u00e1tica dividido em m\u00f3dulos para ser aplicado ao longo de um semestre.<br \/>\nCom gabarito.<\/p>\n<p><strong>Indica\u00e7\u00e3o: de 7 a 8 anos<\/strong><\/p>\n<h4><strong>N\u00famero de p\u00e1ginas: 244<\/strong><\/h4>\n<p><strong>Formato: Impresso<\/strong><\/p>\n[video width=\"1080\" height=\"1080\" mp4=\"https:\/\/ideiasup.com.br\/lojaup\/wp-content\/uploads\/2022\/08\/Video-Mat-7-e-8-anos-1.mp4\"][\/video]\n","protected":false},"featured_media":4362,"comment_status":"open","ping_status":"closed","template":"","meta":{"om_disable_all_campaigns":false,"_monsterinsights_skip_tracking":false,"_monsterinsights_sitenote_active":false,"_monsterinsights_sitenote_note":"","_monsterinsights_sitenote_category":0,"_joinchat":[]},"product_cat":[38,53],"product_tag":[24,22,19,23,20,21],"aioseo_notices":[],"_links":{"self":[{"href":"https:\/\/ideiasup.com.br\/lojaup\/wp-json\/wp\/v2\/product\/3766"}],"collection":[{"href":"https:\/\/ideiasup.com.br\/lojaup\/wp-json\/wp\/v2\/product"}],"about":[{"href":"https:\/\/ideiasup.com.br\/lojaup\/wp-json\/wp\/v2\/types\/product"}],"replies":[{"embeddable":true,"href":"https:\/\/ideiasup.com.br\/lojaup\/wp-json\/wp\/v2\/comments?post=3766"}],"version-history":[{"count":13,"href":"https:\/\/ideiasup.com.br\/lojaup\/wp-json\/wp\/v2\/product\/3766\/revisions"}],"predecessor-version":[{"id":4878,"href":"https:\/\/ideiasup.com.br\/lojaup\/wp-json\/wp\/v2\/product\/3766\/revisions\/4878"}],"wp:featuredmedia":[{"embeddable":true,"href":"https:\/\/ideiasup.com.br\/lojaup\/wp-json\/wp\/v2\/media\/4362"}],"wp:attachment":[{"href":"https:\/\/ideiasup.com.br\/lojaup\/wp-json\/wp\/v2\/media?parent=3766"}],"wp:term":[{"taxonomy":"product_cat","embeddable":true,"href":"https:\/\/ideiasup.com.br\/lojaup\/wp-json\/wp\/v2\/product_cat?post=3766"},{"taxonomy":"product_tag","embeddable":true,"href":"https:\/\/ideiasup.com.br\/lojaup\/wp-json\/wp\/v2\/product_tag?post=3766"}],"curies":[{"name":"wp","href":"https:\/\/api.w.org\/{rel}","templated":true}]}}