{"id":3865,"date":"2022-09-13T08:43:14","date_gmt":"2022-09-13T11:43:14","guid":{"rendered":"https:\/\/ideiasup.com.br\/lojaup\/?post_type=product&#038;p=3865"},"modified":"2026-01-19T15:31:23","modified_gmt":"2026-01-19T18:31:23","slug":"matematica-para-6-e-7-anos-volume-2-impresso","status":"publish","type":"product","link":"https:\/\/ideiasup.com.br\/lojaup\/escolas\/matematica-para-6-e-7-anos-volume-2-impresso\/","title":{"rendered":"Matem\u00e1tica para 7 e 8 Anos Volume 2 &#8211; Impresso"},"content":{"rendered":"<div dir=\"ltr\">\n<div dir=\"ltr\"><strong>Tema:<\/strong> Matem\u00e1tica Semestral para 7 e 8 anos Volume 2 &#8211; Dividido em m\u00f3dulos e com gabarito.<\/div>\n<div dir=\"ltr\">\n<p><strong>Indica\u00e7\u00e3o:<\/strong> Crian\u00e7as alfabetizadas nas idades de 7 e 8 anos &#8211; Educa\u00e7\u00e3o infantil.<\/p>\n<p><strong>COMPOSI\u00c7\u00c3O<\/strong>: 198 p\u00e1ginas.<\/p>\n<p>O Material j\u00e1 vem dividido para ser aplicado ao longo do semestre, indicando a li\u00e7\u00e3o do dia, dentro do m\u00f3dulo de m\u00eas:<\/p>\n<p><span style=\"color: #800080;\">M\u00f3dulo 6<\/span><\/p>\n<p><span style=\"color: #800080;\">* Revis\u00e3o geral dos m\u00f3dulos anteriores<\/span><br \/>\n<span style=\"color: #800080;\">* Lista de contas com as quatro opera\u00e7\u00f5es<\/span><br \/>\n<span style=\"color: #800080;\">* Desafios com as quatro opera\u00e7\u00f5es<\/span><\/p>\n<p><span style=\"color: #800080;\">M\u00f3dulo 7<\/span><\/p>\n<p><span style=\"color: #800080;\">* Multiplica\u00e7\u00e3o com 2 algarismos no multiplicador<\/span><br \/>\n<span style=\"color: #800080;\">* Dobro\/Triplo\/Qu\u00e1druplo<\/span><br \/>\n<span style=\"color: #800080;\">* Pol\u00edgonos\/Tri\u00e2ngulos\/Quadrl\u00e1teros<\/span><br \/>\n<span style=\"color: #800080;\">* Revis\u00e3o &#8211; Divis\u00e3o at\u00e9 9<\/span><br \/>\n<span style=\"color: #800080;\">* Divis\u00e3o com resto<\/span><br \/>\n<span style=\"color: #800080;\">* Lista de contas com as quatro opera\u00e7\u00f5es<\/span><br \/>\n<span style=\"color: #800080;\">* Desafios com as quatro opera\u00e7\u00f5es<\/span><\/p>\n<p><span style=\"color: #800080;\">M\u00f3dulo 8<\/span><\/p>\n<p><span style=\"color: #800080;\">* Prova real &#8211; Adi\u00e7\u00e3o<\/span><br \/>\n<span style=\"color: #800080;\">* Prova real &#8211; Subtra\u00e7\u00e3o<\/span><br \/>\n<span style=\"color: #800080;\">* Divis\u00e3o com n\u00fameros maiores<\/span><br \/>\n<span style=\"color: #800080;\">* Prova real &#8211; multiplica\u00e7\u00e3o e divis\u00e3o<\/span><br \/>\n<span style=\"color: #800080;\">* Divis\u00e3o com zero intercalado no quociente<\/span><br \/>\n<span style=\"color: #800080;\">* Lista de contas com as quatro opera\u00e7\u00f5es<\/span><br \/>\n<span style=\"color: #800080;\">* Desafios com as quatro opera\u00e7\u00f5es<\/span><\/p>\n<p><span style=\"color: #800080;\">M\u00f3dulo 9<\/span><\/p>\n<p><span style=\"color: #800080;\">* C\u00e1lculo do termo desconhecido<\/span><br \/>\n<span style=\"color: #800080;\">* Simetria<\/span><br \/>\n<span style=\"color: #800080;\">* Fra\u00e7\u00e3o simples<\/span><br \/>\n<span style=\"color: #800080;\">* Lista de contas com as quatro opera\u00e7\u00f5es<\/span><br \/>\n<span style=\"color: #800080;\">* Desafios com as quatro opera\u00e7\u00f5es<\/span><\/p>\n<p><span style=\"color: #800080;\">M\u00f3dulo 10<\/span><\/p>\n<p><span style=\"color: #800080;\">* Revis\u00e3o dos m\u00f3dulos anteriores<\/span><br \/>\n<span style=\"color: #800080;\">* Fra\u00e7\u00e3o<\/span><br \/>\n<span style=\"color: #800080;\">* Desafios com fra\u00e7\u00e3o<\/span><br \/>\n<span style=\"color: #800080;\">* Revis\u00e3o &#8211; Horas e Minutos<\/span><br \/>\n<span style=\"color: #800080;\">* Revis\u00e3o &#8211; Calend\u00e1rio<\/span><br \/>\n<span style=\"color: #800080;\">* Lista de contas com as quatro opera\u00e7\u00f5es<\/span><br \/>\n<span style=\"color: #800080;\">* Desafios com as quatro opera\u00e7\u00f5es<\/span><\/p>\n<p><strong>Tipo de conte\u00fado:<\/strong> Cadernos Impressos &#8211; <span style=\"color: #ff0000;\">Envio pelo Correios<\/span>.<\/p>\n<div>\n<div><strong>Permiss\u00f5es:<\/strong>\u00a0<span style=\"color: #69727b;\"><span style=\"color: #008000;\"><strong>Uso familiar e exclusivo<span style=\"color: #ff0000;\"> (Lei dos diretos autoriais n\u00famero 9.610\/98)<\/span><\/strong><\/span><\/span><span style=\"color: #cd232c;\"><strong><span style=\"color: #ff0000;\">.<\/span><\/strong><\/span><\/div>\n<div><span style=\"color: #cd232c;\"><strong><span style=\"color: #ff0000;\">Para usar em escolas, favor entrar em contato para obter um or\u00e7amento especial.<\/span><\/strong><\/span><\/div>\n<div>D\u00favidas entrar em contato com o nosso suporte t\u00e9cnico pelo e-mail\u00a0<strong>vendas@ensinaup.com.br <\/strong>ou pelo link do<strong> WhatsApp <\/strong>que aparece aqui ao lado da tela.<\/div>\n<\/div>\n<\/div>\n<\/div>\n","protected":false},"excerpt":{"rendered":"<p>Matem\u00e1tica dividido em m\u00f3dulos para ser aplicado ao longo de um semestre.<br \/>\nCom gabarito.<\/p>\n<p><strong>Indica\u00e7\u00e3o: de 7 a 8 anos<\/strong><\/p>\n<h4><strong>N\u00famero de p\u00e1ginas: 244<\/strong><\/h4>\n<p><strong>Formato: Impresso<\/strong><\/p>\n[video width=\"1080\" height=\"1080\" mp4=\"https:\/\/ideiasup.com.br\/lojaup\/wp-content\/uploads\/2022\/08\/Video-Mat-7-e-8-anos-1.mp4\"][\/video]\n","protected":false},"featured_media":4882,"comment_status":"open","ping_status":"closed","template":"","meta":{"om_disable_all_campaigns":false,"_monsterinsights_skip_tracking":false,"_monsterinsights_sitenote_active":false,"_monsterinsights_sitenote_note":"","_monsterinsights_sitenote_category":0,"_joinchat":[]},"product_cat":[38,53],"product_tag":[],"aioseo_notices":[],"_links":{"self":[{"href":"https:\/\/ideiasup.com.br\/lojaup\/wp-json\/wp\/v2\/product\/3865"}],"collection":[{"href":"https:\/\/ideiasup.com.br\/lojaup\/wp-json\/wp\/v2\/product"}],"about":[{"href":"https:\/\/ideiasup.com.br\/lojaup\/wp-json\/wp\/v2\/types\/product"}],"replies":[{"embeddable":true,"href":"https:\/\/ideiasup.com.br\/lojaup\/wp-json\/wp\/v2\/comments?post=3865"}],"version-history":[{"count":6,"href":"https:\/\/ideiasup.com.br\/lojaup\/wp-json\/wp\/v2\/product\/3865\/revisions"}],"predecessor-version":[{"id":5158,"href":"https:\/\/ideiasup.com.br\/lojaup\/wp-json\/wp\/v2\/product\/3865\/revisions\/5158"}],"wp:featuredmedia":[{"embeddable":true,"href":"https:\/\/ideiasup.com.br\/lojaup\/wp-json\/wp\/v2\/media\/4882"}],"wp:attachment":[{"href":"https:\/\/ideiasup.com.br\/lojaup\/wp-json\/wp\/v2\/media?parent=3865"}],"wp:term":[{"taxonomy":"product_cat","embeddable":true,"href":"https:\/\/ideiasup.com.br\/lojaup\/wp-json\/wp\/v2\/product_cat?post=3865"},{"taxonomy":"product_tag","embeddable":true,"href":"https:\/\/ideiasup.com.br\/lojaup\/wp-json\/wp\/v2\/product_tag?post=3865"}],"curies":[{"name":"wp","href":"https:\/\/api.w.org\/{rel}","templated":true}]}}