{"id":3979,"date":"2022-10-06T09:13:36","date_gmt":"2022-10-06T12:13:36","guid":{"rendered":"https:\/\/ideiasup.com.br\/lojaup\/?post_type=product&#038;p=3979"},"modified":"2024-04-16T14:32:48","modified_gmt":"2024-04-16T17:32:48","slug":"egito-antigo-mumia","status":"publish","type":"product","link":"https:\/\/ideiasup.com.br\/lojaup\/escolas\/egito-antigo-mumia\/","title":{"rendered":"Egito Antigo &#8211; M\u00famia"},"content":{"rendered":"<div dir=\"ltr\">\n<p>Ol\u00e1 Fam\u00edliaUP!<\/p>\n<div dir=\"ltr\">No PDF voc\u00ea encontrar\u00e1 um molde criativo de m\u00famia.<\/div>\n<p>Abra\u00e7os,<\/p>\n<p>Ju<\/p>\n<p><strong>Lembre-se: essa \u00e9 uma atividade exclusiva da EnsinaUP e n\u00e3o est\u00e1 autorizada a comercializa\u00e7\u00e3o e compartilhamento da mesma. Lei de direitos autorais 9.610\/98<\/strong><\/p>\n<\/div>\n","protected":false},"excerpt":{"rendered":"<p>Ol\u00e1 Fam\u00edliaUP! No PDF voc\u00ea encontrar\u00e1 um molde criativo de m\u00famia. Abra\u00e7os, Ju Lembre-se: essa \u00e9 uma atividade exclusiva da&hellip;<\/p>\n","protected":false},"featured_media":3981,"comment_status":"open","ping_status":"closed","template":"","meta":{"om_disable_all_campaigns":false,"_monsterinsights_skip_tracking":false,"_monsterinsights_sitenote_active":false,"_monsterinsights_sitenote_note":"","_monsterinsights_sitenote_category":0,"_joinchat":[]},"product_cat":[25],"product_tag":[32,22,44],"aioseo_notices":[],"_links":{"self":[{"href":"https:\/\/ideiasup.com.br\/lojaup\/wp-json\/wp\/v2\/product\/3979"}],"collection":[{"href":"https:\/\/ideiasup.com.br\/lojaup\/wp-json\/wp\/v2\/product"}],"about":[{"href":"https:\/\/ideiasup.com.br\/lojaup\/wp-json\/wp\/v2\/types\/product"}],"replies":[{"embeddable":true,"href":"https:\/\/ideiasup.com.br\/lojaup\/wp-json\/wp\/v2\/comments?post=3979"}],"version-history":[{"count":1,"href":"https:\/\/ideiasup.com.br\/lojaup\/wp-json\/wp\/v2\/product\/3979\/revisions"}],"predecessor-version":[{"id":3982,"href":"https:\/\/ideiasup.com.br\/lojaup\/wp-json\/wp\/v2\/product\/3979\/revisions\/3982"}],"wp:featuredmedia":[{"embeddable":true,"href":"https:\/\/ideiasup.com.br\/lojaup\/wp-json\/wp\/v2\/media\/3981"}],"wp:attachment":[{"href":"https:\/\/ideiasup.com.br\/lojaup\/wp-json\/wp\/v2\/media?parent=3979"}],"wp:term":[{"taxonomy":"product_cat","embeddable":true,"href":"https:\/\/ideiasup.com.br\/lojaup\/wp-json\/wp\/v2\/product_cat?post=3979"},{"taxonomy":"product_tag","embeddable":true,"href":"https:\/\/ideiasup.com.br\/lojaup\/wp-json\/wp\/v2\/product_tag?post=3979"}],"curies":[{"name":"wp","href":"https:\/\/api.w.org\/{rel}","templated":true}]}}