{"id":4227,"date":"2022-11-19T10:58:42","date_gmt":"2022-11-19T13:58:42","guid":{"rendered":"https:\/\/ideiasup.com.br\/lojaup\/?post_type=product&#038;p=4227"},"modified":"2024-08-27T08:32:27","modified_gmt":"2024-08-27T11:32:27","slug":"gramatica-e-ortografia-7-e-8-anos-volume-1","status":"publish","type":"product","link":"https:\/\/ideiasup.com.br\/lojaup\/escolas\/gramatica-e-ortografia-7-e-8-anos-volume-1\/","title":{"rendered":"Gram\u00e1tica e Ortografia &#8211; 7 e 8 anos &#8211; Volume 1"},"content":{"rendered":"<div dir=\"ltr\"><strong>Tema:<\/strong> Material de Refor\u00e7o &#8211; Estudando a L\u00edngua Portuguesa!<\/div>\n<div dir=\"ltr\">\n<p><strong>Indica\u00e7\u00e3o:<\/strong> Crian\u00e7as nas idades de 7 e 8 anos &#8211; Educa\u00e7\u00e3o infantil.<\/p>\n<p><strong>COMPOSI\u00c7\u00c3O<\/strong>: 48 p\u00e1ginas.<\/p>\n<p><span style=\"color: #800080;\">Li\u00e7\u00e3o 1\u00a0 \u00a0&#8211; <\/span><span style=\"color: #800080;\">Gram\u00e1tica &#8211; Ordem Alfab\u00e9tica<br \/>\nLi\u00e7\u00e3o 2\u00a0 \u00a0&#8211; Gram\u00e1tica &#8211; Ordem Alfab\u00e9tica (fixa\u00e7\u00e3o)<br \/>\n<\/span><span style=\"color: #800080;\">Li\u00e7\u00e3o 3\u00a0 \u00a0&#8211; <\/span><span style=\"color: #800080;\">Gram\u00e1tica &#8211; S\u00edlabas<\/span><br \/>\n<span style=\"color: #800080;\">Li\u00e7\u00e3o 4\u00a0 \u00a0&#8211; <\/span><span style=\"color: #800080;\">Gram\u00e1tica &#8211; S\u00edlabas (fixa\u00e7\u00e3o)<\/span><br \/>\n<span style=\"color: #800080;\">Li\u00e7\u00e3o 5\u00a0 \u00a0&#8211; <\/span><span style=\"color: #800080;\">Ortografia &#8211; Uso do M antes de P e B<\/span><br \/>\n<span style=\"color: #800080;\">Li\u00e7\u00e3o 6\u00a0 \u00a0&#8211; <\/span><span style=\"color: #800080;\">Ortografia &#8211; Uso do M antes de P e B (fixa\u00e7\u00e3o)<\/span><br \/>\n<span style=\"color: #800080;\">Li\u00e7\u00e3o 7\u00a0 \u00a0&#8211; <\/span><span style=\"color: #800080;\">Ortografia &#8211; Uso do S e SS<\/span><br \/>\n<span style=\"color: #800080;\">Li\u00e7\u00e3o 8\u00a0 \u00a0&#8211; <\/span><span style=\"color: #800080;\">Ortografia &#8211; Uso do S e SS (fixa\u00e7\u00e3o)<\/span><br \/>\n<span style=\"color: #800080;\">Li\u00e7\u00e3o 9\u00a0 \u00a0&#8211; <\/span><span style=\"color: #800080;\">Gram\u00e1tica &#8211; S\u00edlaba T\u00f4nica<\/span><br \/>\n<span style=\"color: #800080;\">Li\u00e7\u00e3o 10 &#8211; <\/span><span style=\"color: #800080;\">Gram\u00e1tica &#8211; S\u00edlaba T\u00f4nica (fixa\u00e7\u00e3o)<\/span><\/p>\n<p><strong>Tipo de conte\u00fado:<\/strong> PDF (arquivo para download) &#8211; <span style=\"color: #cd232c;\"><span style=\"color: #ff0000;\">N\u00e3o ser\u00e1 enviado nenhum material f\u00edsico.<\/span><\/span><\/p>\n<div><strong>Permiss\u00f5es:<\/strong>\u00a0<span style=\"color: #69727b;\"><span style=\"color: #008000;\"><strong>Uso familiar <\/strong><\/span>&#8211; <\/span><span style=\"color: #cd232c;\"><strong><span style=\"color: #ff0000;\">Para usar em escolas, favor entrar em contato para obter um or\u00e7amento especial.<\/span><\/strong><\/span><\/div>\n<div dir=\"ltr\"><\/div>\n<div dir=\"ltr\"><strong>Lembre-se: essa \u00e9 uma atividade exclusiva da EnsinaUP e n\u00e3o est\u00e1 autorizada a comercializa\u00e7\u00e3o e compartilhamento da mesma. Lei de direitos autorais 9.610\/98<\/strong><\/div>\n<\/div>\n<div dir=\"ltr\"><\/div>\n<div dir=\"ltr\">\n<div dir=\"ltr\">D\u00favidas entrar em contato com o nosso suporte t\u00e9cnico pelo e-mail vendas@ensinaup.com.br ou pelo link do WhatsApp que aparece aqui ao lado da tela.<\/div>\n<\/div>\n","protected":false},"excerpt":{"rendered":"<p><span style=\"color: #800080;\"><strong>Material de Refor\u00e7o &#8211; Estudando a L\u00edngua Portuguesa!<\/strong><\/span><\/p>\n<p><strong>Indica\u00e7\u00e3o: de 7 a 8 anos<\/strong><\/p>\n<h4><strong>N\u00famero de p\u00e1ginas: 48<\/strong><\/h4>\n<p><strong>Formato: Arquivo PDF<\/strong><\/p>\n","protected":false},"featured_media":4763,"comment_status":"open","ping_status":"closed","template":"","meta":{"om_disable_all_campaigns":false,"_monsterinsights_skip_tracking":false,"_monsterinsights_sitenote_active":false,"_monsterinsights_sitenote_note":"","_monsterinsights_sitenote_category":0,"_joinchat":[]},"product_cat":[18,60],"product_tag":[],"aioseo_notices":[],"_links":{"self":[{"href":"https:\/\/ideiasup.com.br\/lojaup\/wp-json\/wp\/v2\/product\/4227"}],"collection":[{"href":"https:\/\/ideiasup.com.br\/lojaup\/wp-json\/wp\/v2\/product"}],"about":[{"href":"https:\/\/ideiasup.com.br\/lojaup\/wp-json\/wp\/v2\/types\/product"}],"replies":[{"embeddable":true,"href":"https:\/\/ideiasup.com.br\/lojaup\/wp-json\/wp\/v2\/comments?post=4227"}],"version-history":[{"count":6,"href":"https:\/\/ideiasup.com.br\/lojaup\/wp-json\/wp\/v2\/product\/4227\/revisions"}],"predecessor-version":[{"id":4757,"href":"https:\/\/ideiasup.com.br\/lojaup\/wp-json\/wp\/v2\/product\/4227\/revisions\/4757"}],"wp:featuredmedia":[{"embeddable":true,"href":"https:\/\/ideiasup.com.br\/lojaup\/wp-json\/wp\/v2\/media\/4763"}],"wp:attachment":[{"href":"https:\/\/ideiasup.com.br\/lojaup\/wp-json\/wp\/v2\/media?parent=4227"}],"wp:term":[{"taxonomy":"product_cat","embeddable":true,"href":"https:\/\/ideiasup.com.br\/lojaup\/wp-json\/wp\/v2\/product_cat?post=4227"},{"taxonomy":"product_tag","embeddable":true,"href":"https:\/\/ideiasup.com.br\/lojaup\/wp-json\/wp\/v2\/product_tag?post=4227"}],"curies":[{"name":"wp","href":"https:\/\/api.w.org\/{rel}","templated":true}]}}

Gramática e Ortografia &#8211; 7 e 8 anos &#8211; Volume 1

<div dir="ltr"><strong>Tema:</strong> Material de Reforço &#8211; Estudando a Língua Portuguesa!</div>
<div dir="ltr">
<p><strong>Indicação:</strong> Crianças nas idades de 7 e 8 anos &#8211; Educação infantil.</p>
<p><strong>COMPOSIÇÃO</strong>: 48 páginas.</p>
<p><span style="color: #800080;">Lição 1   &#8211; </span><span style="color: #800080;">Gramática &#8211; Ordem Alfabética<br />
Lição 2   &#8211; Gramática &#8211; Ordem Alfabética (fixação)<br />
</span><span style="color: #800080;">Lição 3   &#8211; </span><span style="color: #800080;">Gramática &#8211; Sílabas</span><br />
<span style="color: #800080;">Lição 4   &#8211; </span><span style="color: #800080;">Gramática &#8211; Sílabas (fixação)</span><br />
<span style="color: #800080;">Lição 5   &#8211; </span><span style="color: #800080;">Ortografia &#8211; Uso do M antes de P e B</span><br />
<span style="color: #800080;">Lição 6   &#8211; </span><span style="color: #800080;">Ortografia &#8211; Uso do M antes de P e B (fixação)</span><br />
<span style="color: #800080;">Lição 7   &#8211; </span><span style="color: #800080;">Ortografia &#8211; Uso do S e SS</span><br />
<span style="color: #800080;">Lição 8   &#8211; </span><span style="color: #800080;">Ortografia &#8211; Uso do S e SS (fixação)</span><br />
<span style="color: #800080;">Lição 9   &#8211; </span><span style="color: #800080;">Gramática &#8211; Sílaba Tônica</span><br />
<span style="color: #800080;">Lição 10 &#8211; </span><span style="color: #800080;">Gramática &#8211; Sílaba Tônica (fixação)</span></p>
<p><strong>Tipo de conteúdo:</strong> PDF (arquivo para download) &#8211; <span style="color: #cd232c;"><span style="color: #ff0000;">Não será enviado nenhum material físico.</span></span></p>
<div><strong>Permissões:</strong> <span style="color: #69727b;"><span style="color: #008000;"><strong>Uso familiar </strong></span>&#8211; </span><span style="color: #cd232c;"><strong><span style="color: #ff0000;">Para usar em escolas, favor entrar em contato para obter um orçamento especial.</span></strong></span></div>
<div dir="ltr"></div>
<div dir="ltr"><strong>Lembre-se: essa é uma atividade exclusiva da EnsinaUP e não está autorizada a comercialização e compartilhamento da mesma. Lei de direitos autorais 9.610/98</strong></div>
</div>
<div dir="ltr"></div>
<div dir="ltr">
<div dir="ltr">Dúvidas entrar em contato com o nosso suporte técnico pelo e-mail vendas@ensinaup.com.br ou pelo link do WhatsApp que aparece aqui ao lado da tela.</div>
</div>

<p><span style="color: #800080;"><strong>Material de Reforço &#8211; Estudando a Língua Portuguesa!</strong></span></p>
<p><strong>Indicação: de 7 a 8 anos</strong></p>
<h4><strong>Número de páginas: 48</strong></h4>
<p><strong>Formato: Arquivo PDF</strong></p>
