{"id":5173,"date":"2023-07-17T19:34:16","date_gmt":"2023-07-17T22:34:16","guid":{"rendered":"https:\/\/ideiasup.com.br\/lojaup\/?post_type=product&#038;p=5173"},"modified":"2024-04-09T14:46:14","modified_gmt":"2024-04-09T17:46:14","slug":"caligrafia-alfabeto-e-numeros-impresso-2","status":"publish","type":"product","link":"https:\/\/ideiasup.com.br\/lojaup\/escolas\/caligrafia-alfabeto-e-numeros-impresso-2\/","title":{"rendered":"Caligrafia &#8211; Alfabeto e N\u00fameros &#8211; Impresso"},"content":{"rendered":"<div dir=\"ltr\"><strong>Tema:<\/strong>\u00a0Caligrafia e Memoriza\u00e7\u00e3o<\/div>\n<div dir=\"ltr\">\n<p><strong>Indica\u00e7\u00e3o:<\/strong> 04 a 06 anos\u00a0&#8211; Educa\u00e7\u00e3o infantil<\/p>\n<p><strong>Objetivo:<\/strong> Com este E-BOOK, os pequenos em fase de pr\u00e9-alfabetiza\u00e7\u00e3o podem praticar a escrita em letra cursiva e os n\u00fameros de 0 a 50, trabalhando de forma agrad\u00e1vel e simples.<\/p>\n<p><strong>Composi\u00e7\u00e3o:<\/strong> 162 p\u00e1ginas<\/p>\n<p><strong>Tipo de conte\u00fado:<\/strong> Material Impresso &#8211; <strong><span style=\"color: #008000;\">Envio pelo Correios<\/span><\/strong>.<\/p>\n<p><strong>Permiss\u00f5es:<\/strong>\u00a0<strong><span style=\"color: #008000;\">Uso familiar<\/span>\u00a0<\/strong>\u2013\u00a0<span style=\"color: #ff0000;\"><strong>Para usar em escolas, favor entrar em contato para obter um or\u00e7amento especial.<\/strong><\/span><\/p>\n<\/div>\n<div dir=\"ltr\">\n<div><\/div>\n<div><strong>OBJETIVO:<\/strong> Apostila elaborada para crian\u00e7as que est\u00e3o come\u00e7ando a ter contato com as letras e os n\u00fameros.<\/div>\n<div dir=\"ltr\"><\/div>\n<div dir=\"ltr\"><strong>Lembre-se: essa \u00e9 uma atividade exclusiva da EnsinaUP e n\u00e3o est\u00e1 autorizada a comercializa\u00e7\u00e3o e compartilhamento da mesma. Lei de direitos autorais 9.610\/98<\/strong><\/div>\n<\/div>\n<div dir=\"ltr\"><\/div>\n<div dir=\"ltr\">\n<div dir=\"ltr\">D\u00favidas entrar em contato com o nosso suporte t\u00e9cnico pelo e-mail vendas@ensinaup.com.br ou pelo link do WhatsApp que aparece aqui ao lado da tela.<\/div>\n<\/div>\n","protected":false},"excerpt":{"rendered":"<p>Com este E-BOOK, os pequenos podem praticar a escrita em letra cursiva cursiva e os n\u00fameros de 0 a 50.<\/p>\n","protected":false},"featured_media":3334,"comment_status":"open","ping_status":"closed","template":"","meta":{"om_disable_all_campaigns":false,"_monsterinsights_skip_tracking":false,"_monsterinsights_sitenote_active":false,"_monsterinsights_sitenote_note":"","_monsterinsights_sitenote_category":0,"_joinchat":[]},"product_cat":[66,38,52],"product_tag":[24,22,19,23,20,21],"aioseo_notices":[],"_links":{"self":[{"href":"https:\/\/ideiasup.com.br\/lojaup\/wp-json\/wp\/v2\/product\/5173"}],"collection":[{"href":"https:\/\/ideiasup.com.br\/lojaup\/wp-json\/wp\/v2\/product"}],"about":[{"href":"https:\/\/ideiasup.com.br\/lojaup\/wp-json\/wp\/v2\/types\/product"}],"replies":[{"embeddable":true,"href":"https:\/\/ideiasup.com.br\/lojaup\/wp-json\/wp\/v2\/comments?post=5173"}],"version-history":[{"count":4,"href":"https:\/\/ideiasup.com.br\/lojaup\/wp-json\/wp\/v2\/product\/5173\/revisions"}],"predecessor-version":[{"id":5206,"href":"https:\/\/ideiasup.com.br\/lojaup\/wp-json\/wp\/v2\/product\/5173\/revisions\/5206"}],"wp:featuredmedia":[{"embeddable":true,"href":"https:\/\/ideiasup.com.br\/lojaup\/wp-json\/wp\/v2\/media\/3334"}],"wp:attachment":[{"href":"https:\/\/ideiasup.com.br\/lojaup\/wp-json\/wp\/v2\/media?parent=5173"}],"wp:term":[{"taxonomy":"product_cat","embeddable":true,"href":"https:\/\/ideiasup.com.br\/lojaup\/wp-json\/wp\/v2\/product_cat?post=5173"},{"taxonomy":"product_tag","embeddable":true,"href":"https:\/\/ideiasup.com.br\/lojaup\/wp-json\/wp\/v2\/product_tag?post=5173"}],"curies":[{"name":"wp","href":"https:\/\/api.w.org\/{rel}","templated":true}]}}