{"id":5749,"date":"2024-05-16T09:33:22","date_gmt":"2024-05-16T12:33:22","guid":{"rendered":"https:\/\/ideiasup.com.br\/lojaup\/?post_type=product&#038;p=5749"},"modified":"2025-04-14T12:28:50","modified_gmt":"2025-04-14T15:28:50","slug":"combo-geografia-brasil","status":"publish","type":"product","link":"https:\/\/ideiasup.com.br\/lojaup\/escolas\/combo-geografia-brasil\/","title":{"rendered":"Combo: Geografia &#8211; Brasil"},"content":{"rendered":"<div dir=\"ltr\">\n<p>Objetivo: Levar o conte\u00fado geogr\u00e1fico de forma descontra\u00edda , l\u00fadica e informativa para que a crian\u00e7a aprenda de forma leve e prazerosa.<\/p>\n<p>Este combo cont\u00e9m todas as regi\u00f5es do Brasil: Norte, Nordeste, Centro-Oeste, Sudeste e Sul em apostilas individuais.<\/p>\n<p><strong>Tema:<\/strong> Estudo geogr\u00e1fico sobre o Brasil.<\/p>\n<div dir=\"ltr\">\n<p><strong>Indica\u00e7\u00e3o:<\/strong> de 6 a 10 anos<\/p>\n<p><strong>COMPOSI\u00c7\u00c3O<\/strong>: 5 Apostilas com 44 p\u00e1ginas cada.<\/p>\n<p><strong>Tipo de conte\u00fado:<\/strong>\u00a0PDF (arquivo para download)\u00a0&#8211;\u00a0<span style=\"color: #ff0000;\">N\u00e3o ser\u00e1 enviado nenhum material f\u00edsico<\/span>.<\/p>\n<div><strong>Permiss\u00f5es:<\/strong>\u00a0<span style=\"color: #69727b;\"><span style=\"color: #008000;\"><strong>Uso familiar e exclusivo<span style=\"color: #ff0000;\"> (Lei dos diretos autoriais n\u00famero 9.610\/98)<\/span><\/strong><\/span><\/span><span style=\"color: #cd232c;\"><strong><span style=\"color: #ff0000;\">.<\/span><\/strong><\/span><\/div>\n<div>\n<div><span style=\"color: #cd232c;\"><strong><span style=\"color: #ff0000;\">Para usar em escolas, favor entrar em contato para obter um or\u00e7amento especial.<\/span><\/strong><\/span><\/div>\n<\/div>\n<div>\n<p>D\u00favidas entrar em contato com o nosso suporte t\u00e9cnico pelo e-mail\u00a0<strong>vendas@ensinaup.com.br <\/strong>ou pelo link do<strong> WhatsApp <\/strong>que aparece aqui ao lado da tela.<\/p>\n<\/div>\n<\/div>\n<\/div>\n","protected":false},"excerpt":{"rendered":"<p><strong>Indica\u00e7\u00e3o: de 6 a 10 anos<\/strong><\/p>\n<h4><strong>N\u00famero de apostilas: 5<\/strong><\/h4>\n<p><strong>Formato: PDF<\/strong><\/p>\n","protected":false},"featured_media":5821,"comment_status":"open","ping_status":"closed","template":"","meta":{"om_disable_all_campaigns":false,"_monsterinsights_skip_tracking":false,"_monsterinsights_sitenote_active":false,"_monsterinsights_sitenote_note":"","_monsterinsights_sitenote_category":0,"_joinchat":[]},"product_cat":[25,18,56],"product_tag":[32,22,44],"aioseo_notices":[],"_links":{"self":[{"href":"https:\/\/ideiasup.com.br\/lojaup\/wp-json\/wp\/v2\/product\/5749"}],"collection":[{"href":"https:\/\/ideiasup.com.br\/lojaup\/wp-json\/wp\/v2\/product"}],"about":[{"href":"https:\/\/ideiasup.com.br\/lojaup\/wp-json\/wp\/v2\/types\/product"}],"replies":[{"embeddable":true,"href":"https:\/\/ideiasup.com.br\/lojaup\/wp-json\/wp\/v2\/comments?post=5749"}],"version-history":[{"count":6,"href":"https:\/\/ideiasup.com.br\/lojaup\/wp-json\/wp\/v2\/product\/5749\/revisions"}],"predecessor-version":[{"id":5818,"href":"https:\/\/ideiasup.com.br\/lojaup\/wp-json\/wp\/v2\/product\/5749\/revisions\/5818"}],"wp:featuredmedia":[{"embeddable":true,"href":"https:\/\/ideiasup.com.br\/lojaup\/wp-json\/wp\/v2\/media\/5821"}],"wp:attachment":[{"href":"https:\/\/ideiasup.com.br\/lojaup\/wp-json\/wp\/v2\/media?parent=5749"}],"wp:term":[{"taxonomy":"product_cat","embeddable":true,"href":"https:\/\/ideiasup.com.br\/lojaup\/wp-json\/wp\/v2\/product_cat?post=5749"},{"taxonomy":"product_tag","embeddable":true,"href":"https:\/\/ideiasup.com.br\/lojaup\/wp-json\/wp\/v2\/product_tag?post=5749"}],"curies":[{"name":"wp","href":"https:\/\/api.w.org\/{rel}","templated":true}]}}